{"id":1568,"date":"2021-03-20T00:52:15","date_gmt":"2021-03-20T00:52:15","guid":{"rendered":"https:\/\/racoon.network\/?page_id=1568"},"modified":"2024-05-15T09:16:29","modified_gmt":"2024-05-15T09:16:29","slug":"duplicated-konzept-1507","status":"publish","type":"page","link":"https:\/\/racoon.network\/?page_id=1568","title":{"rendered":"Konzept"},"content":{"rendered":"\t\t<div data-elementor-type=\"wp-page\" data-elementor-id=\"1568\" class=\"elementor elementor-1568\">\n\t\t\t\t\t\t<section class=\"elementor-section elementor-top-section elementor-element elementor-element-7ef5560 elementor-section-height-min-height elementor-section-items-top elementor-section-content-top elementor-section-boxed elementor-section-height-default\" data-id=\"7ef5560\" data-element_type=\"section\" data-e-type=\"section\">\n\t\t\t\t\t\t<div class=\"elementor-container elementor-column-gap-narrow\">\n\t\t\t\t\t<div class=\"elementor-column elementor-col-33 elementor-top-column elementor-element elementor-element-a6f00f5 elementor-invisible\" data-id=\"a6f00f5\" data-element_type=\"column\" data-e-type=\"column\" data-settings=\"{&quot;animation&quot;:&quot;fadeInLeft&quot;}\">\n\t\t\t<div class=\"elementor-widget-wrap elementor-element-populated\">\n\t\t\t\t\t\t<div class=\"elementor-element elementor-element-5357280 elementor-widget elementor-widget-text-editor\" data-id=\"5357280\" data-element_type=\"widget\" data-e-type=\"widget\" data-widget_type=\"text-editor.default\">\n\t\t\t\t<div class=\"elementor-widget-container\">\n\t\t\t\t\t\t\t\t\t<h2 contenteditable=\"true\" data-elementor-setting-key=\"title_text\" data-elementor-inline-editing-toolbar=\"none\" data-pen-placeholder=\"Eingabe hier...\">HERAUSFORDERUNG<\/h2>\t\t\t\t\t\t\t\t<\/div>\n\t\t\t\t<\/div>\n\t\t\t\t<div class=\"elementor-element elementor-element-5a2ed66 elementor-widget elementor-widget-text-editor\" data-id=\"5a2ed66\" data-element_type=\"widget\" data-e-type=\"widget\" data-widget_type=\"text-editor.default\">\n\t\t\t\t<div class=\"elementor-widget-container\">\n\t\t\t\t\t\t\t\t\t<p>Eine H\u00fcrde f\u00fcr die systematische quantitative Erfassung und Auswertung radiologischer Daten stellt die Tatsache dar, dass die klassische Befundung radiologischer Daten im Freitext erfolgt. Freitextbefunde sind der maschinellen Auswertung in gro\u00dfen St\u00fcckzahlen aber nicht zug\u00e4nglich.<\/p><p>Seit einigen Jahren hat sich in der Radiologie daher die Vorgehensweise der sogenannten &#8222;strukturierten Befundung&#8220; etabliert. &#8222;Strukturierte Befundung&#8220; ist ein Paradigma f\u00fcr die Erfassung, Archivierung und Verarbeitung von medizinischen Daten, das sich dadurch auszeichnet, dass jeder Befund und Messwert zu jeder Zeit mit Metainformationen verkn\u00fcpft ist, die eindeutig und reproduzierbar definieren, wie dieser Befund erhoben, quantifiziert oder aus anderen Daten abgeleitet wird.<\/p><p>Diese strukturierte Datenhaltung schafft die Voraussetzung, radiologische Befunde in gro\u00dfen Zahlen und in Echtzeit zu verarbeiten, statistisch auszuwerten (einschlie\u00dflich der Zuf\u00fchrung zu modernen Analysemethoden wie Machine Learning und Data Mining) sowie mit anderen Datenquellen zusammenzuf\u00fchren.<\/p>\t\t\t\t\t\t\t\t<\/div>\n\t\t\t\t<\/div>\n\t\t\t\t\t<\/div>\n\t\t<\/div>\n\t\t\t\t<div class=\"elementor-column elementor-col-33 elementor-top-column elementor-element elementor-element-47d4cbf\" data-id=\"47d4cbf\" data-element_type=\"column\" data-e-type=\"column\">\n\t\t\t<div class=\"elementor-widget-wrap elementor-element-populated\">\n\t\t\t\t\t\t<div class=\"elementor-element elementor-element-dc0b784 elementor-widget__width-inherit elementor-invisible elementor-widget elementor-widget-image\" data-id=\"dc0b784\" data-element_type=\"widget\" data-e-type=\"widget\" data-settings=\"{&quot;_animation&quot;:&quot;fadeIn&quot;}\" data-widget_type=\"image.default\">\n\t\t\t\t<div class=\"elementor-widget-container\">\n\t\t\t\t\t\t\t\t\t\t\t\t\t\t\t<img fetchpriority=\"high\" decoding=\"async\" width=\"904\" height=\"1024\" src=\"https:\/\/racoon.network\/wp-content\/uploads\/2021\/11\/Racoon_Map_City_Web-01-904x1024.png\" class=\"elementor-animation-shrink attachment-large size-large wp-image-2963\" alt=\"\" srcset=\"https:\/\/racoon.network\/wp-content\/uploads\/2021\/11\/Racoon_Map_City_Web-01-904x1024.png 904w, https:\/\/racoon.network\/wp-content\/uploads\/2021\/11\/Racoon_Map_City_Web-01-265x300.png 265w, https:\/\/racoon.network\/wp-content\/uploads\/2021\/11\/Racoon_Map_City_Web-01-768x870.png 768w, https:\/\/racoon.network\/wp-content\/uploads\/2021\/11\/Racoon_Map_City_Web-01-1356x1536.png 1356w, https:\/\/racoon.network\/wp-content\/uploads\/2021\/11\/Racoon_Map_City_Web-01-1808x2048.png 1808w, https:\/\/racoon.network\/wp-content\/uploads\/2021\/11\/Racoon_Map_City_Web-01-600x680.png 600w\" sizes=\"(max-width: 904px) 100vw, 904px\" \/>\t\t\t\t\t\t\t\t\t\t\t\t\t\t\t<\/div>\n\t\t\t\t<\/div>\n\t\t\t\t\t<\/div>\n\t\t<\/div>\n\t\t\t\t<div class=\"elementor-column elementor-col-33 elementor-top-column elementor-element elementor-element-da5e373 elementor-invisible\" data-id=\"da5e373\" data-element_type=\"column\" data-e-type=\"column\" data-settings=\"{&quot;animation&quot;:&quot;fadeInRight&quot;}\">\n\t\t\t<div class=\"elementor-widget-wrap elementor-element-populated\">\n\t\t\t\t\t\t<div class=\"elementor-element elementor-element-22452fa elementor-widget elementor-widget-heading\" data-id=\"22452fa\" data-element_type=\"widget\" data-e-type=\"widget\" data-widget_type=\"heading.default\">\n\t\t\t\t<div class=\"elementor-widget-container\">\n\t\t\t\t\t<h2 class=\"elementor-heading-title elementor-size-default\"><h2 data-elementor-setting-key=\"title_text\" data-elementor-inline-editing-toolbar=\"none\" data-pen-placeholder=\"Eingabe hier...\">MOTIVATION<\/h2><\/h2>\t\t\t\t<\/div>\n\t\t\t\t<\/div>\n\t\t\t\t<div class=\"elementor-element elementor-element-10f1f6e elementor-widget elementor-widget-text-editor\" data-id=\"10f1f6e\" data-element_type=\"widget\" data-e-type=\"widget\" data-widget_type=\"text-editor.default\">\n\t\t\t\t<div class=\"elementor-widget-container\">\n\t\t\t\t\t\t\t\t\t<p>Schon fr\u00fchzeitig im Verlauf der COVID-19-Pandemie zeigte sich, dass radiologischen Daten eine Schl\u00fcsselrolle in der Diagnostik und Verlaufsbeurteilung zukommt.<\/p>\n<p>Die Mehrzahl schwerer Krankheitsf\u00e4lle weist eine Lungenbeteiligung auf, und radiologische Befunde erlauben eine differenzierte Beschreibung des Krankheitsverlaufs.<\/p>\n<p>Die Beurteilung von Lungenbeteiligungen spiegelte sich in den bisherigen Phasen der Krisenbew\u00e4ltigung der COVID-19 Pandemie in allen nationalen Gesundheitssystemen wieder. Radiologische Bildgebung kann pandemische Lungeninfektionen erkennen, bewerten, messen, nachverfolgen und zugrunde liegende Risikofaktoren benennen.<\/p>\n<p>Die Radiologie steht damit an der Pforte zum Gesundheitswesen und dient bei der Therapie\u00fcberwachung als Entscheidungswerkzeug und Messinstrument.<\/p><p><br><\/p>\t\t\t\t\t\t\t\t<\/div>\n\t\t\t\t<\/div>\n\t\t\t\t\t<\/div>\n\t\t<\/div>\n\t\t\t\t\t<\/div>\n\t\t<\/section>\n\t\t\t\t<section class=\"elementor-section elementor-top-section elementor-element elementor-element-f2bd52c elementor-section-boxed elementor-section-height-default elementor-section-height-default\" data-id=\"f2bd52c\" data-element_type=\"section\" data-e-type=\"section\">\n\t\t\t\t\t\t<div class=\"elementor-container elementor-column-gap-default\">\n\t\t\t\t\t<div class=\"elementor-column elementor-col-100 elementor-top-column elementor-element elementor-element-fb1d54b\" data-id=\"fb1d54b\" data-element_type=\"column\" data-e-type=\"column\">\n\t\t\t<div class=\"elementor-widget-wrap elementor-element-populated\">\n\t\t\t\t\t\t<div class=\"elementor-element elementor-element-c204683 elementor-widget-divider--view-line elementor-widget elementor-widget-divider\" data-id=\"c204683\" data-element_type=\"widget\" data-e-type=\"widget\" data-widget_type=\"divider.default\">\n\t\t\t\t<div class=\"elementor-widget-container\">\n\t\t\t\t\t\t\t<div class=\"elementor-divider\">\n\t\t\t<span class=\"elementor-divider-separator\">\n\t\t\t\t\t\t<\/span>\n\t\t<\/div>\n\t\t\t\t\t\t<\/div>\n\t\t\t\t<\/div>\n\t\t\t\t<div class=\"elementor-element elementor-element-4003c78 elementor-widget elementor-widget-heading\" data-id=\"4003c78\" data-element_type=\"widget\" data-e-type=\"widget\" data-widget_type=\"heading.default\">\n\t\t\t\t<div class=\"elementor-widget-container\">\n\t\t\t\t\t<h2 class=\"elementor-heading-title elementor-size-default\">Wie sieht die L\u00f6sung aus?<\/h2>\t\t\t\t<\/div>\n\t\t\t\t<\/div>\n\t\t\t\t<div class=\"elementor-element elementor-element-199e279 elementor-widget elementor-widget-text-editor\" data-id=\"199e279\" data-element_type=\"widget\" data-e-type=\"widget\" data-widget_type=\"text-editor.default\">\n\t\t\t\t<div class=\"elementor-widget-container\">\n\t\t\t\t\t\t\t\t\t<ul><\/ul>RACOON wird als weltweit erstes Projekt dieser Gr\u00f6\u00dfenordnung eine \nlandesweite Infrastruktur zur konsequent strukturierten Erfassung \nradiologischer Daten von COVID-19-F\u00e4llen errichten, an die sich k\u00fcnftig \nzahlreiche Mehrwertdienste anschlie\u00dfen werden &#8211; beispielsweise \nepidemiologische Fr\u00fchwarnsysteme oder medizinische Assistenzsysteme auf \nBasis k\u00fcnstlicher Intelligenz. RACOON bedient sich dabei einer \nTechnologie, die die strukturierte Erfassung&nbsp;<em>ab initio<\/em>&nbsp;erm\u00f6glicht, d.h.&nbsp;<strong>jeder Messwert wird bereits im Augenblick seines Entstehens durch einen Radiologen mit Kontextinformationen annotiert<\/strong>,\n die seine klinische Bedeutung definieren und so die \nNachvollziehbarkeit, Qualit\u00e4t und langfristige Verwertbarkeit \ngew\u00e4hrleisten.<ul><\/ul>\t\t\t\t\t\t\t\t<\/div>\n\t\t\t\t<\/div>\n\t\t\t\t<div class=\"elementor-element elementor-element-4f8155e elementor-widget elementor-widget-spacer\" data-id=\"4f8155e\" data-element_type=\"widget\" data-e-type=\"widget\" data-widget_type=\"spacer.default\">\n\t\t\t\t<div class=\"elementor-widget-container\">\n\t\t\t\t\t\t\t<div class=\"elementor-spacer\">\n\t\t\t<div class=\"elementor-spacer-inner\"><\/div>\n\t\t<\/div>\n\t\t\t\t\t\t<\/div>\n\t\t\t\t<\/div>\n\t\t\t\t<div class=\"elementor-element elementor-element-4904abe elementor-widget elementor-widget-heading\" data-id=\"4904abe\" data-element_type=\"widget\" data-e-type=\"widget\" data-widget_type=\"heading.default\">\n\t\t\t\t<div class=\"elementor-widget-container\">\n\t\t\t\t\t<h2 class=\"elementor-heading-title elementor-size-default\">Welcher Mehrwert wird generiert?<\/h2>\t\t\t\t<\/div>\n\t\t\t\t<\/div>\n\t\t\t\t<div class=\"elementor-element elementor-element-77d6706 elementor-widget elementor-widget-spacer\" data-id=\"77d6706\" data-element_type=\"widget\" data-e-type=\"widget\" data-widget_type=\"spacer.default\">\n\t\t\t\t<div class=\"elementor-widget-container\">\n\t\t\t\t\t\t\t<div class=\"elementor-spacer\">\n\t\t\t<div class=\"elementor-spacer-inner\"><\/div>\n\t\t<\/div>\n\t\t\t\t\t\t<\/div>\n\t\t\t\t<\/div>\n\t\t\t\t<section class=\"elementor-section elementor-inner-section elementor-element elementor-element-34ae447 elementor-section-boxed elementor-section-height-default elementor-section-height-default\" data-id=\"34ae447\" data-element_type=\"section\" data-e-type=\"section\">\n\t\t\t\t\t\t<div class=\"elementor-container elementor-column-gap-default\">\n\t\t\t\t\t<div class=\"elementor-column elementor-col-50 elementor-inner-column elementor-element elementor-element-a976a7f\" data-id=\"a976a7f\" data-element_type=\"column\" data-e-type=\"column\">\n\t\t\t<div class=\"elementor-widget-wrap elementor-element-populated\">\n\t\t\t\t\t\t<div class=\"elementor-element elementor-element-51c6df8 elementor-widget elementor-widget-text-editor\" data-id=\"51c6df8\" data-element_type=\"widget\" data-e-type=\"widget\" data-widget_type=\"text-editor.default\">\n\t\t\t\t<div class=\"elementor-widget-container\">\n\t\t\t\t\t\t\t\t\t<ul style=\"font-size: 16px; font-weight: 400; font-style: normal; color: #000000; font-family: Roboto, 'TW Cent';\"><li style=\"font-size: 16px;\">Erstens stellen die\u00a0<span style=\"font-size: 16px; font-weight: bold;\">bundesweit erhobenen, nahezu in Echtzeit befundeten, analysierten und zusammengetragenen Daten<\/span>\u00a0zu COVID-19-verd\u00e4chtigen Pneumonief\u00e4llen eine wertvolle Entscheidungsgrundlage f\u00fcr epidemiologische Studien, Lageeinsch\u00e4tzungen und Fr\u00fchwarnmechanismen dar. M\u00f6gliche Erkrankungswellen k\u00f6nnen fr\u00fchzeitig erkannt und in ihrer Signifikanz beurteilt werden, auch ein langfristiges passives Monitoring ist m\u00f6glich. Dies kann in dieser Breite und Nachhaltigkeit durch alternative, aktiv betriebene Testkampagnen nur eingeschr\u00e4nkt gew\u00e4hrleistet werden. Forschungsgruppen werden auf Basis des RACOON-Datenbestands die Daten weiter aufbereiten, um \u201cactionable insights\u201d f\u00fcr Politik und Gesundheitswesen zu gewinnen.<\/li><\/ul>\t\t\t\t\t\t\t\t<\/div>\n\t\t\t\t<\/div>\n\t\t\t\t\t<\/div>\n\t\t<\/div>\n\t\t\t\t<div class=\"elementor-column elementor-col-50 elementor-inner-column elementor-element elementor-element-1b9717e\" data-id=\"1b9717e\" data-element_type=\"column\" data-e-type=\"column\">\n\t\t\t<div class=\"elementor-widget-wrap elementor-element-populated\">\n\t\t\t\t\t\t<div class=\"elementor-element elementor-element-c0a0968 elementor-widget elementor-widget-text-editor\" data-id=\"c0a0968\" data-element_type=\"widget\" data-e-type=\"widget\" data-widget_type=\"text-editor.default\">\n\t\t\t\t<div class=\"elementor-widget-container\">\n\t\t\t\t\t\t\t\t\t<ul style=\"font-size: 16px; font-weight: 400; font-style: normal; color: #000000; font-family: Roboto, 'TW Cent';\"><li style=\"font-size: 16px;\">Zweitens generiert RACOON\u00a0<span style=\"font-size: 16px; font-weight: bold;\">\u201cscience-ready\u201d-Datenprodukte<\/span>, die aufgrund eines vereinheitlichten Datenmodells und nachhaltiger Qualit\u00e4tssicherungsmechanismen eine ideale Grundlage f\u00fcr wissenschaftliche Studien darstellen, die Wirkmechanismen der Krankheit und relevante Einflussfaktoren untersuchen und Erkenntnisse zu Risikofaktoren und Therapieans\u00e4tzen ableiten. Die\u00a0<span style=\"font-size: 16px; font-weight: bold;\">hochstrukturierten Daten<\/span>\u00a0eignen sich auch ideal zum Training K\u00fcnstlicher Intelligenz, so dass Assistenzfunktionen geschaffen werden k\u00f6nnen, die Abl\u00e4ufe von der einzelnen Befundung bis zur Kapazit\u00e4tsplanung im Gesundheitswesen unterst\u00fctzen. Davon profitieren zun\u00e4chst Forschende\u00a0mit innovativen Ans\u00e4tzen, denen jedoch der eigene Zugang zu ausreichend gro\u00dfen Patient*innenkohorten fehlt; mittelbar flie\u00dfen die Ergebnisse erfolgreicher Studien in das Gesundheitswesen zur\u00fcck und verbessern die\u00a0<span style=\"font-size: 16px; font-weight: bold;\">Behandlungsqualit\u00e4t aller Patient*innen<\/span>.<\/li><\/ul>\t\t\t\t\t\t\t\t<\/div>\n\t\t\t\t<\/div>\n\t\t\t\t\t<\/div>\n\t\t<\/div>\n\t\t\t\t\t<\/div>\n\t\t<\/section>\n\t\t\t\t\t<\/div>\n\t\t<\/div>\n\t\t\t\t\t<\/div>\n\t\t<\/section>\n\t\t\t\t<\/div>\n\t\t","protected":false},"excerpt":{"rendered":"<p>HERAUSFORDERUNG Eine H\u00fcrde f\u00fcr die systematische quantitative Erfassung und Auswertung radiologischer Daten stellt die Tatsache dar, dass die klassische Befundung radiologischer Daten im Freitext erfolgt. Freitextbefunde sind der maschinellen Auswertung in gro\u00dfen St\u00fcckzahlen aber nicht zug\u00e4nglich. Seit einigen Jahren hat sich in der Radiologie daher die Vorgehensweise der sogenannten &#8222;strukturierten &hellip;<\/p>\n<p class=\"read-more\"> <a class=\"\" href=\"https:\/\/racoon.network\/?page_id=1568\"> <span class=\"screen-reader-text\">Konzept<\/span>Read More &raquo;<\/a><\/p>\n","protected":false},"author":1,"featured_media":0,"parent":0,"menu_order":0,"comment_status":"closed","ping_status":"closed","template":"","meta":{"inline_featured_image":false,"footnotes":""},"class_list":["post-1568","page","type-page","status-publish","hentry"],"pbg_featured_image_src":{"full":false,"thumbnail":false,"medium":false,"medium_large":false,"large":false,"leap-image-100x100":false,"1536x1536":false,"2048x2048":false},"pbg_author_info":{"display_name":"admin","author_link":"https:\/\/racoon.network\/?author=1","author_img":"<img alt='admin' src='https:\/\/secure.gravatar.com\/avatar\/8931e98758e400caba5ef80ef255d639487b3d190ea2bc1f3e8bc8317605a2a5?s=128&#038;d=mm&#038;r=g' srcset='https:\/\/secure.gravatar.com\/avatar\/8931e98758e400caba5ef80ef255d639487b3d190ea2bc1f3e8bc8317605a2a5?s=256&#038;d=mm&#038;r=g 2x' class='avatar avatar-128 photo' height='128' width='128' decoding='async'\/>"},"pbg_comment_info":" No Comments","pbg_excerpt":"HERAUSFORDERUNG Eine H\u00fcrde f\u00fcr die systematische quantitative Erfassung und Auswertung radiologischer Daten stellt die Tatsache dar, dass die klassische Befundung radiologischer Daten im Freitext erfolgt. Freitextbefunde sind der maschinellen Auswertung in gro\u00dfen St\u00fcckzahlen aber nicht zug\u00e4nglich. Seit einigen Jahren hat sich in der Radiologie daher die Vorgehensweise der sogenannten &#8222;strukturierten &hellip; KonzeptRead More &raquo;","_links":{"self":[{"href":"https:\/\/racoon.network\/index.php?rest_route=\/wp\/v2\/pages\/1568","targetHints":{"allow":["GET"]}}],"collection":[{"href":"https:\/\/racoon.network\/index.php?rest_route=\/wp\/v2\/pages"}],"about":[{"href":"https:\/\/racoon.network\/index.php?rest_route=\/wp\/v2\/types\/page"}],"author":[{"embeddable":true,"href":"https:\/\/racoon.network\/index.php?rest_route=\/wp\/v2\/users\/1"}],"replies":[{"embeddable":true,"href":"https:\/\/racoon.network\/index.php?rest_route=%2Fwp%2Fv2%2Fcomments&post=1568"}],"version-history":[{"count":171,"href":"https:\/\/racoon.network\/index.php?rest_route=\/wp\/v2\/pages\/1568\/revisions"}],"predecessor-version":[{"id":7629,"href":"https:\/\/racoon.network\/index.php?rest_route=\/wp\/v2\/pages\/1568\/revisions\/7629"}],"wp:attachment":[{"href":"https:\/\/racoon.network\/index.php?rest_route=%2Fwp%2Fv2%2Fmedia&parent=1568"}],"curies":[{"name":"wp","href":"https:\/\/api.w.org\/{rel}","templated":true}]}}