{"id":1730,"date":"2021-03-22T15:43:42","date_gmt":"2021-03-22T15:43:42","guid":{"rendered":"https:\/\/racoon.network\/?page_id=1730"},"modified":"2024-05-15T09:28:19","modified_gmt":"2024-05-15T09:28:19","slug":"duplicated-racoon-application","status":"publish","type":"page","link":"https:\/\/racoon.network\/?page_id=1730","title":{"rendered":"RACOON Application"},"content":{"rendered":"\t\t<div data-elementor-type=\"wp-page\" data-elementor-id=\"1730\" class=\"elementor elementor-1730\">\n\t\t\t\t\t\t<section class=\"elementor-section elementor-top-section elementor-element elementor-element-662fd86 elementor-section-stretched elementor-section-boxed elementor-section-height-default elementor-section-height-default\" data-id=\"662fd86\" data-element_type=\"section\" data-e-type=\"section\" data-settings=\"{&quot;stretch_section&quot;:&quot;section-stretched&quot;}\">\n\t\t\t\t\t\t<div class=\"elementor-container elementor-column-gap-no\">\n\t\t\t\t\t<div class=\"elementor-column elementor-col-100 elementor-top-column elementor-element elementor-element-f9cc702\" data-id=\"f9cc702\" data-element_type=\"column\" data-e-type=\"column\">\n\t\t\t<div class=\"elementor-widget-wrap elementor-element-populated\">\n\t\t\t\t\t\t<div class=\"elementor-element elementor-element-d693dfc elementor-widget elementor-widget-heading\" data-id=\"d693dfc\" data-element_type=\"widget\" data-e-type=\"widget\" data-widget_type=\"heading.default\">\n\t\t\t\t<div class=\"elementor-widget-container\">\n\t\t\t\t\t<h2 class=\"elementor-heading-title elementor-size-default\">Erstellung des Risikomodells<\/h2>\t\t\t\t<\/div>\n\t\t\t\t<\/div>\n\t\t\t\t<div class=\"elementor-element elementor-element-eb7dc2c elementor-widget-divider--view-line elementor-widget elementor-widget-divider\" data-id=\"eb7dc2c\" data-element_type=\"widget\" data-e-type=\"widget\" data-widget_type=\"divider.default\">\n\t\t\t\t<div class=\"elementor-widget-container\">\n\t\t\t\t\t\t\t<div class=\"elementor-divider\">\n\t\t\t<span class=\"elementor-divider-separator\">\n\t\t\t\t\t\t<\/span>\n\t\t<\/div>\n\t\t\t\t\t\t<\/div>\n\t\t\t\t<\/div>\n\t\t\t\t<section class=\"elementor-section elementor-inner-section elementor-element elementor-element-b268735 elementor-section-content-middle elementor-section-boxed elementor-section-height-default elementor-section-height-default\" data-id=\"b268735\" data-element_type=\"section\" data-e-type=\"section\">\n\t\t\t\t\t\t<div class=\"elementor-container elementor-column-gap-extended\">\n\t\t\t\t\t<div class=\"elementor-column elementor-col-33 elementor-inner-column elementor-element elementor-element-9ded35f elementor-invisible\" data-id=\"9ded35f\" data-element_type=\"column\" data-e-type=\"column\" data-settings=\"{&quot;animation&quot;:&quot;fadeInUp&quot;}\">\n\t\t\t<div class=\"elementor-widget-wrap elementor-element-populated\">\n\t\t\t\t\t\t\t<\/div>\n\t\t<\/div>\n\t\t\t\t<div class=\"elementor-column elementor-col-33 elementor-inner-column elementor-element elementor-element-9d2750c\" data-id=\"9d2750c\" data-element_type=\"column\" data-e-type=\"column\">\n\t\t\t<div class=\"elementor-widget-wrap elementor-element-populated\">\n\t\t\t\t\t\t<div class=\"elementor-element elementor-element-2d2aafa elementor-widget elementor-widget-text-editor\" data-id=\"2d2aafa\" data-element_type=\"widget\" data-e-type=\"widget\" data-widget_type=\"text-editor.default\">\n\t\t\t\t<div class=\"elementor-widget-container\">\n\t\t\t\t\t\t\t\t\t<p>In der Thorax-CT zeigen die virus-spezifischen pulmonalen Pathologien eine gro\u00dfe Variabilit\u00e4t, wodurch es schwierig ist eine Covid-19 Pneumonie von anderen Viruspneumonien zu unterscheiden.<\/p>\n<p>Durch ein KI-basiertes Vorhersagemodell wird bei der Sicherung einer CoVID-19-Infektion bei Patienten mit einer potenziellen SARS-CoV-2 Infektion ein gro\u00dfes Ma\u00df an Sicherheit f\u00fcr die hospitalisierten Patienten und ebenso f\u00fcr das Personal gew\u00e4hrleistet. Somit k\u00f6nnen alle Patienten rasch einer fachgerechten Therapie zugef\u00fchrt werden. Ein solches interdisziplin\u00e4res Vorhersagemodell zur initialen Risikostratifizierung dient u.a. auch zur Kapazit\u00e4tsplanung der Quarant\u00e4nebereiche und es k\u00f6nnen Ressourcen bedarfsgerecht genutzt werden.<\/p>\n<p>Die Anwendung der k\u00fcnstlichen Intelligenz (KI) f\u00fcr Bildinterpretationen und Best\u00e4tigung der Diagnose kann Unsicherheiten, bedingt durch Patienten-spezifische Unterschiede der Lungenstrukturen, minimieren.<\/p>\n<p>Klinische Daten, Labordaten und Thorax-CT-Aufnahmen sollen in ein interdisziplin\u00e4res KI-Vorhersagemodell eingebunden werden. Anhand der Verkn\u00fcpfung der relevanten Datens\u00e4tze soll eine Vorhersage des Krankheitsverlaufes hinsichtlich der Hospitalisierung, der Versorgungsstufe und der Notwendigkeit medizinischer Ma\u00dfnahmen beurteilt werden und eine Risikoabsch\u00e4tzung erstellt werden.. Hierbei sollen relevante Therapieschritte und diagnostische Folgema\u00dfnahmen abgeleitet werden (Riskiostratifizierung, decision pathways).<\/p>\n<p>Segmentierung von Covid-19-Merkmalen: Merkmale des Lungenbefalls mit SARS-CoV-2 sollen in CT-Daten identifiziert werden, anhand multizentrischer repr\u00e4sentativer Vergleichskollektive k\u00f6nnen diese schnell erhoben werden. Relevant f\u00fcr eine Stratifizierung ist der individuell lokoregion\u00e4r repr\u00e4sentative Datensatz. Auf diese Weise wird an Hand eines \u00fcberwachten Trainingsdatensatzes f\u00fcr eine individuell angefertigte Methodik (shape regularized deep learning) mit Einbezug automatischer Segmentierung das Modell entwickelt. Hierbei k\u00f6nnen&nbsp;Stratifizierungsmerkmale methodisch integriert werden und eine schnelle klinische Anwendung ist m\u00f6glich.<\/p>\n<p><\/p>\t\t\t\t\t\t\t\t<\/div>\n\t\t\t\t<\/div>\n\t\t\t\t\t<\/div>\n\t\t<\/div>\n\t\t\t\t<div class=\"elementor-column elementor-col-33 elementor-inner-column elementor-element elementor-element-7e2e739 elementor-invisible\" data-id=\"7e2e739\" data-element_type=\"column\" data-e-type=\"column\" data-settings=\"{&quot;animation&quot;:&quot;fadeInRight&quot;}\">\n\t\t\t<div class=\"elementor-widget-wrap\">\n\t\t\t\t\t\t\t<\/div>\n\t\t<\/div>\n\t\t\t\t\t<\/div>\n\t\t<\/section>\n\t\t\t\t\t<\/div>\n\t\t<\/div>\n\t\t\t\t\t<\/div>\n\t\t<\/section>\n\t\t\t\t<section class=\"elementor-section elementor-top-section elementor-element elementor-element-1ccec3a elementor-section-stretched elementor-section-boxed elementor-section-height-default elementor-section-height-default\" data-id=\"1ccec3a\" data-element_type=\"section\" data-e-type=\"section\" data-settings=\"{&quot;stretch_section&quot;:&quot;section-stretched&quot;}\">\n\t\t\t\t\t\t<div class=\"elementor-container elementor-column-gap-no\">\n\t\t\t\t\t<div class=\"elementor-column elementor-col-100 elementor-top-column elementor-element elementor-element-faecf9c\" data-id=\"faecf9c\" data-element_type=\"column\" data-e-type=\"column\">\n\t\t\t<div class=\"elementor-widget-wrap elementor-element-populated\">\n\t\t\t\t\t\t<div class=\"elementor-element elementor-element-a1035ca elementor-widget elementor-widget-heading\" data-id=\"a1035ca\" data-element_type=\"widget\" data-e-type=\"widget\" data-widget_type=\"heading.default\">\n\t\t\t\t<div class=\"elementor-widget-container\">\n\t\t\t\t\t<h2 class=\"elementor-heading-title elementor-size-default\">Validierung eines CT Kategorisierungs-Systems f\u00fcr die Bildgebung<\/h2>\t\t\t\t<\/div>\n\t\t\t\t<\/div>\n\t\t\t\t<div class=\"elementor-element elementor-element-8e4c1a7 elementor-widget-divider--view-line elementor-widget elementor-widget-divider\" data-id=\"8e4c1a7\" data-element_type=\"widget\" data-e-type=\"widget\" data-widget_type=\"divider.default\">\n\t\t\t\t<div class=\"elementor-widget-container\">\n\t\t\t\t\t\t\t<div class=\"elementor-divider\">\n\t\t\t<span class=\"elementor-divider-separator\">\n\t\t\t\t\t\t<\/span>\n\t\t<\/div>\n\t\t\t\t\t\t<\/div>\n\t\t\t\t<\/div>\n\t\t\t\t<section class=\"elementor-section elementor-inner-section elementor-element elementor-element-a1f6ea1 elementor-section-content-middle elementor-section-boxed elementor-section-height-default elementor-section-height-default\" data-id=\"a1f6ea1\" data-element_type=\"section\" data-e-type=\"section\">\n\t\t\t\t\t\t<div class=\"elementor-container elementor-column-gap-extended\">\n\t\t\t\t\t<div class=\"elementor-column elementor-col-33 elementor-inner-column elementor-element elementor-element-42bdac8 elementor-invisible\" data-id=\"42bdac8\" data-element_type=\"column\" data-e-type=\"column\" data-settings=\"{&quot;animation&quot;:&quot;fadeInUp&quot;}\">\n\t\t\t<div class=\"elementor-widget-wrap elementor-element-populated\">\n\t\t\t\t\t\t\t<\/div>\n\t\t<\/div>\n\t\t\t\t<div class=\"elementor-column elementor-col-33 elementor-inner-column elementor-element elementor-element-e3e2ed8\" data-id=\"e3e2ed8\" data-element_type=\"column\" data-e-type=\"column\">\n\t\t\t<div class=\"elementor-widget-wrap elementor-element-populated\">\n\t\t\t\t\t\t<div class=\"elementor-element elementor-element-0d5bd91 elementor-widget elementor-widget-text-editor\" data-id=\"0d5bd91\" data-element_type=\"widget\" data-e-type=\"widget\" data-widget_type=\"text-editor.default\">\n\t\t\t\t<div class=\"elementor-widget-container\">\n\t\t\t\t\t\t\t\t\t<p>Validierung eines Kategorisierungs-Systems zur standardisierten Befundung bei CT-Untersuchungen mit der Frage nach COVID-19 Pneumonie.<\/p><p><span style=\"font-size: 16px;\">Standardisierte Befundung hat einen besonders hohen Stellenwert bei COVID-19 Pneumonien,<\/span><span style=\"font-size: 16px;\"> um den zuweisenden Kliniken klare Diagnosen und Empfehlungen mitteilen zu k\u00f6nnen und um\u00a0<\/span><span style=\"font-size: 16px;\">m\u00f6gliche Fehlerquellen durch unklar formulierte Befunde zu minimieren. Die CT zeigt bei\u00a0<\/span><span style=\"font-size: 16px;\">COVID-19 Pneumonien eine hohe Sensitivit\u00e4t, ist jedoch nicht immer optimal spezifisch. Daher\u00a0<\/span><span style=\"font-size: 16px;\">ist eine Klassifizierungsskala n\u00f6tig, die die Wahrscheinlichkeit f\u00fcr eine COVID-19 Pneumonie\u00a0<\/span><span style=\"font-size: 16px;\">abbilden kann. Au\u00dferdem muss aufgrund der fluktuierenden Inzidenz bei Saisonalit\u00e4t des\u00a0<\/span><span style=\"font-size: 16px;\">SARS-CoV-2 die jeweils aktuelle Pandemielage ber\u00fccksichtigt werden k\u00f6nnen, sodass\u00a0<\/span><span style=\"font-size: 16px;\">insbesondere der Einfluss abnehmender Pr\u00e4valenz auf die positiv pr\u00e4diktiven Werte durch ein\u00a0<\/span><span style=\"font-size: 16px;\">intuitiv angepasstes Leseverhalten minimiert werden kann. Diese intuitive Anpassung des\u00a0<\/span><span style=\"font-size: 16px;\">Leseverhaltens in Abh\u00e4ngigkeit der Pr\u00e4valenz der Zielgr\u00f6\u00dfe konnte bereits exemplarisch im\u00a0<\/span><span style=\"font-size: 16px;\">Vergleich zwischen Mammographiescreening und diagnostischer Mammographie gezeigt\u00a0<\/span><span style=\"font-size: 16px;\">werden.<\/span><\/p><p>Das COV-RADS Schema ist angelehnt an die BI-RADS Schema, hierbei schlie\u00dfen COV-RADS 1 und 2 eine COVID-19 Pneumonie aus, COV-RADS 3-5 geben mit steigender Wahrscheinlichkeit das Vorliegen einer COVID-19 Pneumonie an:<\/p><p>\u2022 COV-RADS 1: Normale Lunge ohne Anhalt f\u00fcr Pneumonie oder andere Pathologie<span style=\"font-size: 16px;\">.<\/span><\/p><p>\u2022 COV-RADS 2: Pathologischer CT-Befund der Lunge, jedoch kein Anhalt f\u00fcr COVID-19.<\/p><p>\u2022 COV-RADS 3: CT Befunde, die m\u00f6glicherweise COVID-19 zuzuordnen sind.<\/p><p>\u2022 COV-RADS 4: CT-Befunde, die suspekt sind auf COVID-19.<\/p><p><span style=\"font-size: 16px;\">\u2022 COV-RADS 5: CT-Befunde, die typisch sind f\u00fcr COVID-19.<\/span><\/p><p>Die standardisierte Kategorisierung erlaubt dar\u00fcber hinaus eindeutige Empfehlungen f\u00fcr Isolations- und Abstrichsma\u00dfnahmen, derartige Empfehlungen wurden exemplarisch bereits am Anfang der Pandemie in Aachen in enger Zusammenarbeit mit der Krankenhaushygiene festgelegt.<\/p>\t\t\t\t\t\t\t\t<\/div>\n\t\t\t\t<\/div>\n\t\t\t\t\t<\/div>\n\t\t<\/div>\n\t\t\t\t<div class=\"elementor-column elementor-col-33 elementor-inner-column elementor-element elementor-element-104e6df elementor-invisible\" data-id=\"104e6df\" data-element_type=\"column\" data-e-type=\"column\" data-settings=\"{&quot;animation&quot;:&quot;fadeInRight&quot;}\">\n\t\t\t<div class=\"elementor-widget-wrap\">\n\t\t\t\t\t\t\t<\/div>\n\t\t<\/div>\n\t\t\t\t\t<\/div>\n\t\t<\/section>\n\t\t\t\t\t<\/div>\n\t\t<\/div>\n\t\t\t\t\t<\/div>\n\t\t<\/section>\n\t\t\t\t<\/div>\n\t\t","protected":false},"excerpt":{"rendered":"<p>Erstellung des Risikomodells In der Thorax-CT zeigen die virus-spezifischen pulmonalen Pathologien eine gro\u00dfe Variabilit\u00e4t, wodurch es schwierig ist eine Covid-19 Pneumonie von anderen Viruspneumonien zu unterscheiden. Durch ein KI-basiertes Vorhersagemodell wird bei der Sicherung einer CoVID-19-Infektion bei Patienten mit einer potenziellen SARS-CoV-2 Infektion ein gro\u00dfes Ma\u00df an Sicherheit f\u00fcr die &hellip;<\/p>\n<p class=\"read-more\"> <a class=\"\" href=\"https:\/\/racoon.network\/?page_id=1730\"> <span class=\"screen-reader-text\">RACOON Application<\/span>Read More &raquo;<\/a><\/p>\n","protected":false},"author":1,"featured_media":0,"parent":0,"menu_order":0,"comment_status":"closed","ping_status":"closed","template":"elementor_theme","meta":{"inline_featured_image":false,"footnotes":""},"class_list":["post-1730","page","type-page","status-publish","hentry"],"pbg_featured_image_src":{"full":false,"thumbnail":false,"medium":false,"medium_large":false,"large":false,"leap-image-100x100":false,"1536x1536":false,"2048x2048":false},"pbg_author_info":{"display_name":"admin","author_link":"https:\/\/racoon.network\/?author=1","author_img":"<img alt='admin' src='https:\/\/secure.gravatar.com\/avatar\/8931e98758e400caba5ef80ef255d639487b3d190ea2bc1f3e8bc8317605a2a5?s=128&#038;d=mm&#038;r=g' srcset='https:\/\/secure.gravatar.com\/avatar\/8931e98758e400caba5ef80ef255d639487b3d190ea2bc1f3e8bc8317605a2a5?s=256&#038;d=mm&#038;r=g 2x' class='avatar avatar-128 photo' height='128' width='128' decoding='async'\/>"},"pbg_comment_info":" No Comments","pbg_excerpt":"Erstellung des Risikomodells In der Thorax-CT zeigen die virus-spezifischen pulmonalen Pathologien eine gro\u00dfe Variabilit\u00e4t, wodurch es schwierig ist eine Covid-19 Pneumonie von anderen Viruspneumonien zu unterscheiden. Durch ein KI-basiertes Vorhersagemodell wird bei der Sicherung einer CoVID-19-Infektion bei Patienten mit einer potenziellen SARS-CoV-2 Infektion ein gro\u00dfes Ma\u00df an Sicherheit f\u00fcr die &hellip; RACOON ApplicationRead More &raquo;","_links":{"self":[{"href":"https:\/\/racoon.network\/index.php?rest_route=\/wp\/v2\/pages\/1730","targetHints":{"allow":["GET"]}}],"collection":[{"href":"https:\/\/racoon.network\/index.php?rest_route=\/wp\/v2\/pages"}],"about":[{"href":"https:\/\/racoon.network\/index.php?rest_route=\/wp\/v2\/types\/page"}],"author":[{"embeddable":true,"href":"https:\/\/racoon.network\/index.php?rest_route=\/wp\/v2\/users\/1"}],"replies":[{"embeddable":true,"href":"https:\/\/racoon.network\/index.php?rest_route=%2Fwp%2Fv2%2Fcomments&post=1730"}],"version-history":[{"count":36,"href":"https:\/\/racoon.network\/index.php?rest_route=\/wp\/v2\/pages\/1730\/revisions"}],"predecessor-version":[{"id":7649,"href":"https:\/\/racoon.network\/index.php?rest_route=\/wp\/v2\/pages\/1730\/revisions\/7649"}],"wp:attachment":[{"href":"https:\/\/racoon.network\/index.php?rest_route=%2Fwp%2Fv2%2Fmedia&parent=1730"}],"curies":[{"name":"wp","href":"https:\/\/api.w.org\/{rel}","templated":true}]}}