{"id":6745,"date":"2023-07-18T16:58:14","date_gmt":"2023-07-18T16:58:14","guid":{"rendered":"https:\/\/racoon.network\/?page_id=6745"},"modified":"2023-07-18T17:08:35","modified_gmt":"2023-07-18T17:08:35","slug":"oldenburg-umo-reco","status":"publish","type":"page","link":"https:\/\/racoon.network\/?page_id=6745","title":{"rendered":"Oldenburg \u2013 UMO \u2013 RECO"},"content":{"rendered":"\t\t<div data-elementor-type=\"wp-page\" data-elementor-id=\"6745\" class=\"elementor elementor-6745\">\n\t\t\t\t\t\t<section class=\"elementor-section elementor-top-section elementor-element elementor-element-7072a1a elementor-section-boxed elementor-section-height-default elementor-section-height-default\" data-id=\"7072a1a\" data-element_type=\"section\" data-e-type=\"section\">\n\t\t\t\t\t\t<div class=\"elementor-container elementor-column-gap-default\">\n\t\t\t\t\t<div class=\"elementor-column elementor-col-100 elementor-top-column elementor-element elementor-element-d45f469\" data-id=\"d45f469\" data-element_type=\"column\" data-e-type=\"column\">\n\t\t\t<div class=\"elementor-widget-wrap elementor-element-populated\">\n\t\t\t\t\t\t<div class=\"elementor-element elementor-element-2ddb63f elementor-widget__width-initial elementor-widget elementor-widget-text-editor\" data-id=\"2ddb63f\" data-element_type=\"widget\" data-e-type=\"widget\" data-widget_type=\"text-editor.default\">\n\t\t\t\t<div class=\"elementor-widget-container\">\n\t\t\t\t\t\t\t\t\t<p style=\"text-align: center;\"><strong>Information nach Art. 13, 14, 26 DS-GVO<\/strong><\/p><p><strong>RACOON<\/strong><\/p><p>Die Universit\u00e4tsmedizin Oldenburg nimmt an dem deutschlandweiten Projekt RACOON (RECO) teil. RACOON (RECO) ist ein, vom Bundesministerium f\u00fcr Bildung und Forschung gef\u00f6rdertes, Projekt zur Entwicklung von Bildanalyseverfahren und k\u00fcnstlicher Intelligenz zum besseren Verst\u00e4ndnis von COVID-19 und \u00e4hnlichen Erkrankungen. Es soll helfen, die Diagnostik und Therapieentscheidungen im Management von COVID-19 und verwandten Erkrankungen zu verbessern.\u00a0<\/p><p>RACOON ist eine Forschungsinfrastruktur, die auf einem einzigartigen hybriden Netzwerkinfrastrukturkonzept aufbaut. Mithilfe der RACOON Infrastruktur soll es Forschenden erm\u00f6glicht gemacht werden, Forschungsprojekte mit mehreren Universit\u00e4tskliniken gemeinsam durchzuf\u00fchren, um daraus belastbare Erkenntnisse f\u00fcr die Verbesserung der Krankenversorgung abzuleiten. RACOON besteht aus bundesweit verteilten Hardwareknoten an jeder Universit\u00e4tsklinik (<strong>RACOON-NODEs<\/strong>) und einer zentralen Umgebung am Pius-Hospital Oldenburg (<strong>RACOON-CENTRAL<\/strong>). Durch die erstmalige Anbindung aller universit\u00e4tsmedizinischen Institute in Deutschland entsteht die M\u00f6glichkeiten zu gro\u00dffl\u00e4chigen, bundesweiten Forschungsprojekten, welche bisher nicht umsetzbare Forschung m\u00f6glich macht. So k\u00f6nnen Wirkmechanismen von Erkrankungen, relevante Einflussfaktoren auf deren Verl\u00e4ufe untersucht werden und Erkenntnisse zu Risikofaktoren vulnerabler Patientengruppen und der Wirksamkeit von Therapieans\u00e4tzen abgeleitet werden. Mit RACOON k\u00f6nnen Forschungsprojekte mit innovativen Ans\u00e4tzen durchgef\u00fchrt werden, f\u00fcr die bisher der Zugang zu ausreichend gro\u00dfen und gut aufgearbeiteten Patientenkohorten fehlte; mittelbar flie\u00dfen die Ergebnisse erfolgreicher Studien in das Gesundheitswesen zur\u00fcck und verbessern die Behandlungsqualit\u00e4t jedes einzelnen Patienten.<\/p><p>Weitere Informationen zu RACOON finden Sie unter <a href=\"https:\/\/racoon.network\/\">https:\/\/racoon.network\/<\/a>.<\/p><p>Wir, die Universit\u00e4tsmedizin Oldenburg, und die im Folgenden unter 1. Genannten Stellen (<strong>Subprojektpartner<\/strong>) f\u00fchren das Projekt RACOON durch.<\/p><p>F\u00fcr das RACOON Subprojekt verarbeiten wir Ihre Daten, die wir im Rahmen Ihrer Behandlung bei uns erhoben haben. Vor der Verwendung f\u00fcr das RACOON Subprojekt werden zun\u00e4chst die identifizierenden Attribute (Name, Geburtsdatum, Adresse usw.) aus Ihrem Datensatz entfernt und die verbleibenden Daten (siehe Ziffer 3) im Rahmen eines aufw\u00e4ndigen Verfahrens in unserer RACOON-NODE unumkehrbar verhasht, sodass ein R\u00fcckschluss auf Ihre Identit\u00e4t anhand des verbleibenden Datensatzes nicht m\u00f6glich ist. Aufgrund des eingesetzten Verfahrens behandeln wir diese Daten als anonymisiert. Anschlie\u00dfend werden die Daten in RACOON-CENTRAL hochgeladen und unseren Subprojektpartnern freigegeben und von uns und unseren Subprojektpartnern zur Durchf\u00fchrung des RACOON Subprojekts verarbeitet. Ihre Daten werden von den Subprojektpartnern nicht aus RACOON-CENTRAL heruntergeladen oder lokal gespeichert. Unsere Subprojektpartner geben uns f\u00fcr diesen Zweck auch entsprechend anonymisierte Daten ihrer Patienten \u00fcber RACOON-CENTRAL frei. Andere Subprojektpartner ordnen Ihre Daten m\u00f6glicherweise aufgrund unterschiedlicher gesetzlicher Anforderungen in anderen Bundesl\u00e4ndern anders ein als wir. Die Sicherheit Ihrer Daten ist jedoch gleichbleibend gew\u00e4hrleistet.<\/p><ol><li><strong>Wer sind die Verantwortlichen und Datenschutzbeauftragten?<\/strong><\/li><\/ol><p style=\"padding-left: 80px;\">Wir, und die im Folgenden genannten Stellen, arbeiten in dem RACOON Projekt eng zusammen. Aufgrund der Zusammenarbeit verarbeiten wir Ihre personenbezogenen Daten auch teilweise gemeinsam.<\/p><p style=\"padding-left: 80px;\">Zur Gew\u00e4hrleistung Ihrer Rechte und unter Ber\u00fccksichtigung der Vorgaben der EU-Datenschutz-Grundverordnung (DS-GVO) haben wir eine Vereinbarung geschlossen, die Regeln zur Verarbeitung Ihrer personenbezogenen Daten aufstellt. Als sog. Gemeinsame Verantwortliche (nach Art. 26 DS-GVO und \u00a728 KDG) sind wir gemeinsam f\u00fcr die Verarbeitung Ihrer Daten verantwortlich.<\/p><p style=\"padding-left: 80px;\">Verantwortliche gem. Art. 4 Abs. 7 DS-GVO und \u00a74 Abs. 9 KDG sind<\/p><p style=\"padding-left: 80px;\"><strong>Lokal verantwortliche Stelle<\/strong><\/p><p style=\"padding-left: 80px;\">Die f\u00fcr die Erhebung bzw. Erfassung Ihrer Daten verantwortliche Stelle ist die Carl von Ossietzky Universit\u00e4t Oldenburg, K\u00f6rperschaft des \u00f6ffentlichen Rechts, gesetzlich vertreten durch den Pr\u00e4sidenten, Ammerl\u00e4nder Heerstra\u00dfe 114 \u2013 118, 26129 Oldenburg.<\/p><p style=\"padding-left: 80px;\">Den Datenschutzbeauftragten der Carl von Ossietzky Universit\u00e4t Oldenburg erreichen Sie unter:<\/p><p style=\"padding-left: 80px;\">Carl von Ossietzky Universit\u00e4t Oldenburg<br \/>Der Datenschutzbeauftragte<br \/>Ammerl\u00e4nder Heerstra\u00dfe 114-118<br \/>26129 Oldenburg<br \/>Email: <a href=\"mailto:dsuni@uol.de\">dsuni@uol.de<\/a><\/p><p style=\"padding-left: 80px;\"><strong>Verantwortliche Stelle f\u00fcr Ihre Patientendaten<\/strong><\/p><p style=\"padding-left: 80px;\">F\u00fcr die Erhebung Ihrer Patientendaten im Behandlungskontext verantwortliche Stelle ist Stiftung Pius-Hospital, vertreten durch das Gesch\u00e4ftsf\u00fchrende Kuratorium, Medizinischer Campus Universit\u00e4t Oldenburg Georgstra\u00dfe 12, 26121 Oldenburg.<\/p><p style=\"padding-left: 80px;\">Den Datenschutzbeauftragten des Pius-Hospitals erreichen Sie unter:<\/p><p style=\"padding-left: 80px;\">SCO:CON-SULT GmbH<br \/>Hauptstra\u00dfe 27<br \/>53604 Bad Honnef<br \/>E-Mail: <a href=\"mailto:datenschutz@pius-hospital.de\">datenschutz@pius-hospital.de<\/a><\/p><p style=\"padding-left: 80px;\">und die weiteren Projektpartner. Eine Liste aller Projektpartner k\u00f6nnen Sie unserer Projektwebseite entnehmen (<a href=\"https:\/\/racoon.network\/?page_id=2589\">https:\/\/racoon.network\/<\/a>).<\/p><ol start=\"2\"><li><strong>Zu welchem Zweck und nach welcher Rechtsgrundlage werden die Daten verarbeitet?<\/strong><\/li><\/ol><p style=\"padding-left: 80px;\">Wir und unsere Subprojektpartner verarbeiten die Daten zum Zwecke der Durchf\u00fchrung des RACOON Subprojekt. Rechtsgrundlage ist Art. 6 Abs. 1 lit. e bzw. f, Art. 9 Abs. 2 lit. j DS-GVO i.V.m. \u00a7 13 NDSG, \u00a7\u00a7 6 Abs 1 lit f, g, 6 Abs. 6 und 11 Abs. 2 lit. I KDG.<\/p><ol start=\"3\"><li><strong>Welche Kategorien von Daten werden verarbeitet?<\/strong><\/li><\/ol><p style=\"padding-left: 80px;\">Wir verarbeiten im Rahmen des RACOON Subprojekts Ihre pseudonymisierten Behandlungsdaten. Hierzu geh\u00f6ren eine gehashte (verschl\u00fcsselte) Patienten-ID sowie medizinische Daten, wie medizinische Bilddaten (CT- und R\u00f6ntgenaufnahmen) und deren Metainformationen, anamnestische Informationen, Arztbriefe und Diagnosen, Laborwerte, Ergebnisse histologischer, mikrobiologischer, virologischer und pathologischer Untersuchungen, Krankheitsverl\u00e4ufe, Vitalparameter und Outcome Parameter, Messwerte oder statistische Auswertungen, welche auf Basis der medizinischen Bilddatens\u00e4tze und komplement\u00e4ren Datens\u00e4tzen erstellt werden. Dies umfasst besondere Kategorien personenbezogener Daten i.S.d. Art. 9 Abs. 1 DS-GVO, \u00a711 KDG, n\u00e4mlich Gesundheitsdaten i.S.d. Art. 4 Nr. 15 DS-GVO, \u00a7 4 Abs. 17 KDG.<\/p><ol start=\"4\"><li><strong>Wer sind die Empf\u00e4nger der Daten?<\/strong><\/li><\/ol><p style=\"padding-left: 80px;\">Um das Forschungsprojekt durchzuf\u00fchren, ist es zwingend erforderlich, dass Ihre Patientendaten vom Pius-Hospital Oldenburg an wissenschaftliche Mitarbeiter*innen der Carl von Ossietzky Universit\u00e4t Oldenburg auf dessen <strong>RACOON<\/strong>&#8211;<strong>Node<\/strong> \u00fcbermittelt und dort weiterverarbeitet werden. Ihre Daten werden streng zweckgebunden und nur im notwendigen Umfang im Rahmen einer Auftragsverarbeitung an unseren IT- und Hostingdienstleister Mint Medical GmbH weitergeleitet. Au\u00dferdem erhalten unsere Subprojektpartner Zugang zu den freigegebenen Daten in RACOON-CENTRAL.<\/p><ol start=\"5\"><li><strong>Wie lange werden die Daten gespeichert?<\/strong><\/li><\/ol><p style=\"padding-left: 80px;\">Um das Forschungsprojekt durchzuf\u00fchren, ist es zwingend erforderlich, dass Ihre Patientendaten vom Pius-Hospital Oldenburg an wissenschaftliche Mitarbeiter*innen der Carl von Ossietzky Universit\u00e4t Oldenburg auf dessen <strong>RACOON<\/strong>&#8211;<strong>Node<\/strong> \u00fcbermittelt und dort weiterverarbeitet werden. Ihre Daten werden streng zweckgebunden und nur im notwendigen Umfang im Rahmen einer Auftragsverarbeitung an unseren IT- und Hostingdienstleister Mint Medical GmbH weitergeleitet. Au\u00dferdem erhalten unsere Subprojektpartner Zugang zu den freigegebenen Daten in RACOON-CENTRAL.<\/p><ol start=\"6\"><li><strong>Woher stammen die Daten?<\/strong><\/li><\/ol><p style=\"padding-left: 80px;\">Wir verarbeiten Daten, die wir von unseren Patienten im Rahmen der Behandlung erhoben haben. Wir verarbeiten auch die anonymisierten Daten von Patienten unserer Subprojektpartner.\u00a0<\/p><ol start=\"7\"><li><strong>Rechte<\/strong><\/li><\/ol><p style=\"padding-left: 80px;\">Als von der Datenverarbeitung betroffene Person stehen Ihnen folgende Rechte zu, sofern diese nicht aufgrund eines Gesetzes eingeschr\u00e4nkt sind:<\/p><ul><li style=\"list-style-type: none;\"><ul><li style=\"list-style-type: none;\"><ul><li style=\"list-style-type: none;\"><ul><li>Recht auf Auskunft<\/li><li>Recht auf Berichtigung<\/li><li>Recht auf L\u00f6schung<\/li><li>Recht auf Einschr\u00e4nkung der Verarbeitung<\/li><li>Recht auf Daten\u00fcbertragbarkeit<\/li><li>Recht auf Widerspruch<\/li><\/ul><\/li><\/ul><\/li><\/ul><\/li><\/ul><p style=\"padding-left: 80px;\">Sie haben das Recht, sich bei einer Aufsichtsbeh\u00f6rde zu beschweren.<\/p><p style=\"padding-left: 80px;\">Die f\u00fcr die Carl von Ossietzky Universit\u00e4t zust\u00e4ndige Aufsichtsbeh\u00f6rde ist Die Landesbeauftragte f\u00fcr den Datenschutz in Niedersachsen, Prinzenstra\u00dfe 5, 30159 Hannover.<\/p><p style=\"padding-left: 80px;\">Die f\u00fcr das Pius-Hospital zust\u00e4ndige Aufsichtsbeh\u00f6rde ist Datenschutzbeauftragter Nord \u2013 Di\u00f6zesan-Datenschutzbeauftragter Herr Andreas M\u00fcndelein, Unser Lieben Frauen Kirchhof 20, 28195 Bremen.<\/p><ol start=\"8\"><li><strong>Wer ist mein Ansprechpartner f\u00fcr Rechte wie Auskunft oder L\u00f6schung?<\/strong><\/li><\/ol><p style=\"padding-left: 80px;\">Wir haben uns mit unseren Subprojektpartnern gemeinsam dar\u00fcber verst\u00e4ndigt, wie wir Ihre Rechte sicherstellen und n\u00e4her festgelegt, wer welche uns nach der DS-GVO obliegenden Verpflichtungen erf\u00fcllt. Dies betrifft insbesondere die Gew\u00e4hrleistung Ihrer Rechte als betroffene Personen und die Erf\u00fcllung der Informationspflichten nach Art. 13 und 14 DS-GVO und \u00a7\u00a7 14 und 15 KDG.<\/p><p style=\"padding-left: 80px;\">Ansprechpartner zur Geltendmachung Ihrer Rechte ist<\/p><p style=\"padding-left: 80px;\"><strong>Carl von Ossietzky Universit\u00e4t &amp; Pius-Hospital Oldenburg<\/strong><br \/>AG Medizinische Strahlenphysik<br \/>Institut f\u00fcr Physik<br \/>Georgstra\u00dfe 12<br \/>26121 Oldenburg<br \/>Email: <a href=\"mailto:Bjoern.poppe@uol.de\">Bjoern.poppe@uol.de<\/a><\/p><p style=\"padding-left: 80px;\">Sie k\u00f6nnen sich zur Geltendmachung Ihrer Rechte grunds\u00e4tzlich jedoch an jeden der Projektpartner der beteiligten Stellen wenden.<\/p><ol start=\"9\"><li><strong>Wie kann ich mehr Informationen zur Datenverarbeitung erhalten?<\/strong><\/li><\/ol><p style=\"padding-left: 80px;\">Weitere Informationen erhalten Sie auf unserer Webseite <a href=\"https:\/\/racoon.network\"><em>https:\/\/racoon.network<\/em><\/a>.<\/p>\t\t\t\t\t\t\t\t<\/div>\n\t\t\t\t<\/div>\n\t\t\t\t<div class=\"elementor-element elementor-element-3958e40 elementor-widget__width-initial elementor-widget elementor-widget-spacer\" data-id=\"3958e40\" data-element_type=\"widget\" data-e-type=\"widget\" data-widget_type=\"spacer.default\">\n\t\t\t\t<div class=\"elementor-widget-container\">\n\t\t\t\t\t\t\t<div class=\"elementor-spacer\">\n\t\t\t<div class=\"elementor-spacer-inner\"><\/div>\n\t\t<\/div>\n\t\t\t\t\t\t<\/div>\n\t\t\t\t<\/div>\n\t\t\t\t<div class=\"elementor-element elementor-element-a0f87d5 elementor-widget__width-initial elementor-widget elementor-widget-spacer\" data-id=\"a0f87d5\" data-element_type=\"widget\" data-e-type=\"widget\" data-widget_type=\"spacer.default\">\n\t\t\t\t<div class=\"elementor-widget-container\">\n\t\t\t\t\t\t\t<div class=\"elementor-spacer\">\n\t\t\t<div class=\"elementor-spacer-inner\"><\/div>\n\t\t<\/div>\n\t\t\t\t\t\t<\/div>\n\t\t\t\t<\/div>\n\t\t\t\t<div class=\"elementor-element elementor-element-9c23df0 elementor-widget__width-initial elementor-widget-divider--view-line elementor-widget elementor-widget-divider\" data-id=\"9c23df0\" data-element_type=\"widget\" data-e-type=\"widget\" data-widget_type=\"divider.default\">\n\t\t\t\t<div class=\"elementor-widget-container\">\n\t\t\t\t\t\t\t<div class=\"elementor-divider\">\n\t\t\t<span class=\"elementor-divider-separator\">\n\t\t\t\t\t\t<\/span>\n\t\t<\/div>\n\t\t\t\t\t\t<\/div>\n\t\t\t\t<\/div>\n\t\t\t\t\t<\/div>\n\t\t<\/div>\n\t\t\t\t\t<\/div>\n\t\t<\/section>\n\t\t\t\t<\/div>\n\t\t","protected":false},"excerpt":{"rendered":"<p>Information nach Art. 13, 14, 26 DS-GVO RACOON Die Universit\u00e4tsmedizin Oldenburg nimmt an dem deutschlandweiten Projekt RACOON (RECO) teil. RACOON (RECO) ist ein, vom Bundesministerium f\u00fcr Bildung und Forschung gef\u00f6rdertes, Projekt zur Entwicklung von Bildanalyseverfahren und k\u00fcnstlicher Intelligenz zum besseren Verst\u00e4ndnis von COVID-19 und \u00e4hnlichen Erkrankungen. Es soll helfen, die &hellip;<\/p>\n<p class=\"read-more\"> <a class=\"\" href=\"https:\/\/racoon.network\/?page_id=6745\"> <span class=\"screen-reader-text\">Oldenburg \u2013 UMO \u2013 RECO<\/span>Read More &raquo;<\/a><\/p>\n","protected":false},"author":2,"featured_media":0,"parent":0,"menu_order":0,"comment_status":"closed","ping_status":"closed","template":"","meta":{"inline_featured_image":false,"footnotes":""},"class_list":["post-6745","page","type-page","status-publish","hentry"],"pbg_featured_image_src":{"full":false,"thumbnail":false,"medium":false,"medium_large":false,"large":false,"leap-image-100x100":false,"1536x1536":false,"2048x2048":false},"pbg_author_info":{"display_name":"Marcel Eicke","author_link":"https:\/\/racoon.network\/?author=2","author_img":"<img alt='Marcel Eicke' src='https:\/\/secure.gravatar.com\/avatar\/95eb7eb00a7e9cf76c2cb5c15572813e753ea13ede546ce17ffeb42b49dcf11b?s=128&#038;d=mm&#038;r=g' srcset='https:\/\/secure.gravatar.com\/avatar\/95eb7eb00a7e9cf76c2cb5c15572813e753ea13ede546ce17ffeb42b49dcf11b?s=256&#038;d=mm&#038;r=g 2x' class='avatar avatar-128 photo' height='128' width='128' decoding='async'\/>"},"pbg_comment_info":" No Comments","pbg_excerpt":"Information nach Art. 13, 14, 26 DS-GVO RACOON Die Universit\u00e4tsmedizin Oldenburg nimmt an dem deutschlandweiten Projekt RACOON (RECO) teil. RACOON (RECO) ist ein, vom Bundesministerium f\u00fcr Bildung und Forschung gef\u00f6rdertes, Projekt zur Entwicklung von Bildanalyseverfahren und k\u00fcnstlicher Intelligenz zum besseren Verst\u00e4ndnis von COVID-19 und \u00e4hnlichen Erkrankungen. Es soll helfen, die &hellip; Oldenburg \u2013 UMO \u2013&hellip;","_links":{"self":[{"href":"https:\/\/racoon.network\/index.php?rest_route=\/wp\/v2\/pages\/6745","targetHints":{"allow":["GET"]}}],"collection":[{"href":"https:\/\/racoon.network\/index.php?rest_route=\/wp\/v2\/pages"}],"about":[{"href":"https:\/\/racoon.network\/index.php?rest_route=\/wp\/v2\/types\/page"}],"author":[{"embeddable":true,"href":"https:\/\/racoon.network\/index.php?rest_route=\/wp\/v2\/users\/2"}],"replies":[{"embeddable":true,"href":"https:\/\/racoon.network\/index.php?rest_route=%2Fwp%2Fv2%2Fcomments&post=6745"}],"version-history":[{"count":5,"href":"https:\/\/racoon.network\/index.php?rest_route=\/wp\/v2\/pages\/6745\/revisions"}],"predecessor-version":[{"id":6750,"href":"https:\/\/racoon.network\/index.php?rest_route=\/wp\/v2\/pages\/6745\/revisions\/6750"}],"wp:attachment":[{"href":"https:\/\/racoon.network\/index.php?rest_route=%2Fwp%2Fv2%2Fmedia&parent=6745"}],"curies":[{"name":"wp","href":"https:\/\/api.w.org\/{rel}","templated":true}]}}